 -3*m. Suppose 248 = 5*y - 2*r, 40 = y - 4*r - i. Calculate the highest common divisor of y and 20.
10
Suppose 48*k - 45*k - 1975127 = -224*k. Calculate the greatest common factor of 678 and k.
113
Suppose d - q - 5 = 0, -2*d + 2*q + 3*q + 16 = 0. Suppose -v + d*o - 2 + 209 = 0, 3*v + 2*o - 588 = 0. What is the greatest common divisor of 54 and v?
18
Let c be 3/(62/(-21) + 3). Suppose 3*w = -5*s + 4 - 21, -2*s = -5*w - 18. Let b(h) = -6*h + 3. Let t be b(s). What is the greatest common divisor of t and c?
9
Suppose 484*z - 284*z = 900000. Calculate the highest common divisor of z and 9.
9
Let q = -4327 - -4346. Calculate the highest common divisor of q and 1216.
19
Suppose -1099 = 11*i - 9109 - 19809. What is the greatest common factor of i and 36?
9
Let j be 1598/1 - (0 - 8 - -10). What is the highest common divisor of j and 84?
84
Let z(m) = 31*m**3 - 17*m**2 - 19*m + 3. Let f be z(6). What is the highest common factor of f and 165?
33
Let m(i) = 3*i + 15. Let h be m(-9). Let b be (54/h + -1)/(2/(-36)). Let o(n) = -12*n - 6. Let k be o(-6). Calculate the greatest common factor of b and k.
33
Suppose t + 1056 = 1063. Let x(l) = 2*l**2 - 8*l - 6. Let h be x(6). Suppose t*i - h = 6*i. Calculate the highest common divisor of i and 72.
18
Suppose -316 = -4*u + 2*u - 4*l, -470 = -3*u - 2*l. What is the greatest common divisor of u and 858?
78
Let u = 8260 + -8202. What is the highest common divisor of u and 5974?
58
Suppose -q = -167 - 31. Let l be ((-362)/6)/((-8)/24). Suppose 599 - l = 19*f. Calculate the greatest common factor of q and f.
22
Suppose -4*y + y - 202 = -2*u, -2*u + 2*y + 198 = 0. Suppose 13*c + 1069 = 2057. What is the highest common divisor of c and u?
19
Suppose -3*j + 2588 - 754 = -1811. Calculate the highest common factor of 270 and j.
135
Let s(f) = 102*f + 1432. Let k be s(-13). Let g = 1809 - 1226. What is the greatest common divisor of k and g?
53
Suppose 0 = 15*c - 8*c. Let i be (c - 312/(-20))/((-16)/(-360)). What is the highest common factor of 13 and i?
13
Let l = 1284 + -1263. Suppose -g + 7*n + 11 = 3*n, 3*n - 6 = -4*g. What is the highest common divisor of l and g?
3
Let r be (-43)/(129/19224) + 10/2. Let t be (-1)/16 - r/304. Let x be (7/(-3))/(2/(-234)). What is the highest common factor of t and x?
21
Let i be (-26703)/(-99) + 27/99. Calculate the greatest common factor of 80 and i.
10
Let q be 118/5 + (-2)/(-5). Suppose -2*r + 38 - 36 = 0. Let v be r/(((-6)/(-32))/3). Calculate the highest common divisor of q and v.
8
Let p = 14748 - 14713. Calculate the greatest common divisor of 12530 and p.
35
Suppose 3*z = 0, 4*z - 14 = -m + 2*z. Let b(s) = -429*s - 8939. Let a be b(-21). What is the greatest common divisor of m and a?
14
Let z(u) = -12*u + 130. Suppose 136 = -108*s + 125*s. Let v be z(s). What is the greatest common factor of v and 238?
34
Let i(p) = p**3 + 82*p**2 - 331*p - 304. Let y be i(-85). What is the highest common divisor of 405 and y?
81
Let r = 1583 + 1615. Calculate the highest common divisor of r and 41.
41
Let g(l) be the second derivative of 13*l**3/6 - 143*l**2/2 - 2*l + 25. Let q be g(23). Calculate the highest common factor of q and 12.
12
Suppose -2*m + 5 + 1 = 0. Suppose 4*a - 9 = z, 5*z - 66 + 9 = 3*a. Calculate the greatest common divisor of m and z.
3
Let s be 18*(0 + 5 - 17/3). Let d(g) = g**3 + 12*g**2 + 2*g + 50. Let i be d(s). Calculate the greatest common divisor of 338 and i.
26
Let a(n) = 10*n**2 - n + 2. Let v be a(1). Suppose -v*p + 188 = -175. What is the highest common divisor of 3 and p?
3
Let o = 95981 - 66967. What is the highest common factor of 178 and o?
178
Suppose -2*d - 1184 = -5*r - 229, 0 = -d - 5. Calculate the highest common divisor of r and 315.
63
Suppose 5*u + 848 = -2*z, 6*z = -5*u + z - 860. Let p be (1/(-4))/(14/u) + 11. What is the greatest common factor of p and 42?
14
Let i(o) = 62*o**2 + o. Let g be (((-224)/48)/14)/(1/(-3)). Let c be i(g). What is the greatest common divisor of 441 and c?
63
Let m(q) = -25*q - 220. Let g be m(-12). Let d be 96/g*(38/4 - -3). Calculate the highest common divisor of d and 255.
15
Suppose 40*s - 11*s - 5080 = 19*s. Calculate the highest common divisor of s and 4.
4
Let v(k) = -13*k**3 - 8*k**2 - 2*k - 1. Suppose 2*r - w = -5, -r - 4*r - 6 = 4*w. Let c be v(r). Calculate the highest common divisor of c and 165.
15
Let d be (0 + 2)*18070/52. Calculate the greatest common divisor of 3 and d.
1
Let a = -26 - -47. Suppose -3*s + 21 = 2*q, -q = 4*q - 3*s - a. Suppose 7*v - q*v - 108 = 0. What is the greatest common divisor of 72 and v?
36
Let y = 8054 + -7919. What is the greatest common factor of 1674 and y?
27
Let w be (-25*(-3)/10)/(7/70). Calculate the greatest common divisor of 21 and w.
3
Let h(s) = -840*s + 12*s**2 - 21 + 846*s + s**3 - 2*s**3. Let t be h(12). Let q = -18 - -35. Calculate the greatest common factor of q and t.
17
Let t be 559 + -2 - 6/(-2 - 4). Let k = 995 - t. Calculate the greatest common divisor of 23 and k.
23
Suppose 0 = -4*y + 3*w + 495, -12*w + 15*w - 105 = -y. Let t be (160/6 + 0)*(31 - 28). What is the greatest common divisor of t and y?
40
Suppose 5*n - 2*n + 12 = 0. Let i(a) = 12*a + 6. Let q be i(n). Let p = 75 + q. Calculate the highest common divisor of p and 22.
11
Let v(k) = 28*k**2 - 15*k + 165. Let w be v(-13). What is the greatest common factor of 76 and w?
76
Let v = 2759 + -2741. Suppose -4*a + 482 = -4*w - 114, 4*a + 3*w = 624. What is the greatest common factor of a and v?
9
Let f(c) = -2*c**3 - 5*c - 3. Let s be f(-3). Let u = 99099 + -98945. Calculate the highest common divisor of u and s.
22
Suppose 606 - 465 = 3*d. Calculate the highest common factor of 2961 and d.
47
Let w(g) = 11*g + 157. Let j be w(-14). Suppose 0 = j*q - 411 - 57. Calculate the highest common divisor of q and 260.
52
Suppose -4*f - 35*s + 135 = -32*s, 0 = -4*f + 3*s + 105. What is the greatest common divisor of f and 9255?
15
Let i(w) = 576*w + 14868. Let b be i(57). What is the greatest common divisor of b and 106?
106
Suppose -2*i + 2054 = 5*k - 5697, 0 = 3*k - 7*i - 4585. Calculate the highest common divisor of k and 1638.
91
Let v(a) = a**2 + 11*a - 23. Let j be v(9). Let t = 172 - j. What is the greatest common factor of t and 135?
15
Let s be (8/5)/(3/180). Let q = s - 54. What is the greatest common factor of q and 12?
6
Let m(i) = 44*i - 1518. Let u be m(35). What is the highest common divisor of 2365 and u?
11
Let s = 25 + -15. Suppose 10*l = -0*l + 24700. Suppose -l = -6*i - 7*i. Calculate the highest common divisor of i and s.
10
Suppose -40*k = -51*k + 77. Let d = -71 + 35. Let c be ((-84)/d)/(1/27). Calculate the highest common divisor of c and k.
7
Let r(p) = -7*p**2 - 436*p - 314. Let y be r(-47). Calculate the greatest common factor of y and 460.
115
Let b(t) = -3*t + 43. Let r be b(15). Let d be -2 + (12/18)/(r/(-3786)). Suppose -8*q - 2*q + d = 0. Calculate the greatest common factor of 14 and q.
14
Let d(s) = 103*s**2 + 12*s - 20. Let a be d(2). Calculate the highest common divisor of 884 and a.
52
Let d(t) = 82*t**2 - 5*t - 3. Let q be d(-4). Suppose 591 + q = 6*y. What is the highest common divisor of y and 16?
16
Suppose 3*n - 75 = -3*w, 55 - 10 = 2*n + 3*w. Let r(g) = g**2 - 26*g + 90. Let h be r(n). What is the highest common divisor of 84 and h?
42
Suppose -3*g - 64 = -2*z, 3*z + 3*g - 7 = 74. Suppose -z*k + 23*k = -90. What is the highest common factor of 5 and k?
5
Suppose 1553 = 9*y - 1723. Suppose 4*j = -2*v + 132 - 28, 5*j - 5*v = 160. What is the greatest common divisor of y and j?
28
Suppose 5*w = 4*m - 68, -23 + 15 = -2*w. Calculate the greatest common factor of m and 913.
11
Suppose -119*z = -4452 - 11494. What is the highest common divisor of z and 8?
2
Suppose -5*o + 3 + 12 = -m, 4*o = -4*m - 12. Let h be 13/(-26) + (-7)/o. Let b be (h - -1)/(3/(-7)). Calculate the highest common divisor of 49 and b.
7
Suppose -5*h = -4*z + 9999, -2*h - 12486 = -17*z + 12*z. Calculate the highest common factor of z and 32.
32
Let g be (1/3*1)/((-1)/(-6)). Suppose 0 = 3*u + g - 8. Suppose 0 = -u*d + 94 + 16. What is the highest common divisor of d and 5?
5
Let l be 62/(-3) + 4/(-12). Let q = 3 - l. Let b(w) = w. Let v be b(8). What is the greatest common factor of q and v?
8
Let c b